[INFO] cloning repository https://github.com/chrismaltby/gbspack
[INFO] running `Command { std: "git" "-c" "credential.helper=" "-c" "credential.helper=/workspace/cargo-home/bin/git-credential-null" "clone" "--bare" "https://github.com/chrismaltby/gbspack" "/workspace/cache/git-repos/https%3A%2F%2Fgithub.com%2Fchrismaltby%2Fgbspack", kill_on_drop: false }`
[INFO] [stderr] Cloning into bare repository '/workspace/cache/git-repos/https%3A%2F%2Fgithub.com%2Fchrismaltby%2Fgbspack'...
[INFO] running `Command { std: "git" "rev-parse" "HEAD", kill_on_drop: false }`
[INFO] [stdout] 9fbd5ef639a6c0c213fea0dd4b486456782670aa
[INFO] checking chrismaltby/gbspack against master#e6e4f7ed1589e03bc2f6c5931c1a72e7947e8682 for beta-170-4
[INFO] running `Command { std: "git" "clone" "/workspace/cache/git-repos/https%3A%2F%2Fgithub.com%2Fchrismaltby%2Fgbspack" "/workspace/builds/worker-5-tc2/source", kill_on_drop: false }`
[INFO] [stderr] Cloning into '/workspace/builds/worker-5-tc2/source'...
[INFO] [stderr] done.
[INFO] validating manifest of git repo https://github.com/chrismaltby/gbspack on toolchain e6e4f7ed1589e03bc2f6c5931c1a72e7947e8682
[INFO] running `Command { std: CARGO_HOME="/workspace/cargo-home" RUSTUP_HOME="/workspace/rustup-home" "/workspace/cargo-home/bin/cargo" "+e6e4f7ed1589e03bc2f6c5931c1a72e7947e8682" "metadata" "--manifest-path" "Cargo.toml" "--no-deps", kill_on_drop: false }`
[INFO] started tweaking git repo https://github.com/chrismaltby/gbspack
[INFO] finished tweaking git repo https://github.com/chrismaltby/gbspack
[INFO] tweaked toml for git repo https://github.com/chrismaltby/gbspack written to /workspace/builds/worker-5-tc2/source/Cargo.toml
[INFO] crate git repo https://github.com/chrismaltby/gbspack already has a lockfile, it will not be regenerated
[INFO] running `Command { std: CARGO_HOME="/workspace/cargo-home" RUSTUP_HOME="/workspace/rustup-home" "/workspace/cargo-home/bin/cargo" "+e6e4f7ed1589e03bc2f6c5931c1a72e7947e8682" "fetch" "--manifest-path" "Cargo.toml", kill_on_drop: false }`
[INFO] running `Command { std: "docker" "create" "-v" "/var/lib/crater-agent-workspace/builds/worker-5-tc2/target:/opt/rustwide/target:rw,Z" "-v" "/var/lib/crater-agent-workspace/builds/worker-5-tc2/source:/opt/rustwide/workdir:ro,Z" "-v" "/var/lib/crater-agent-workspace/cargo-home:/opt/rustwide/cargo-home:ro,Z" "-v" "/var/lib/crater-agent-workspace/rustup-home:/opt/rustwide/rustup-home:ro,Z" "-e" "SOURCE_DIR=/opt/rustwide/workdir" "-e" "CARGO_TARGET_DIR=/opt/rustwide/target" "-e" "CARGO_HOME=/opt/rustwide/cargo-home" "-e" "RUSTUP_HOME=/opt/rustwide/rustup-home" "-w" "/opt/rustwide/workdir" "-m" "1610612736" "--user" "0:0" "--network" "none" "ghcr.io/rust-lang/crates-build-env/linux@sha256:19e73879b68f455e41552ea35293514db52ea292d993f571636dbffedb77a1ee" "/opt/rustwide/cargo-home/bin/cargo" "+e6e4f7ed1589e03bc2f6c5931c1a72e7947e8682" "metadata" "--no-deps" "--format-version=1", kill_on_drop: false }`
[INFO] [stdout] c96de209a47b96e295c2bdb9b120d7e6746b759b002577455626c969acdf5c50
[INFO] running `Command { std: "docker" "start" "-a" "c96de209a47b96e295c2bdb9b120d7e6746b759b002577455626c969acdf5c50", kill_on_drop: false }`
[INFO] running `Command { std: "docker" "inspect" "c96de209a47b96e295c2bdb9b120d7e6746b759b002577455626c969acdf5c50", kill_on_drop: false }`
[INFO] running `Command { std: "docker" "rm" "-f" "c96de209a47b96e295c2bdb9b120d7e6746b759b002577455626c969acdf5c50", kill_on_drop: false }`
[INFO] [stdout] c96de209a47b96e295c2bdb9b120d7e6746b759b002577455626c969acdf5c50
[INFO] running `Command { std: "docker" "create" "-v" "/var/lib/crater-agent-workspace/builds/worker-5-tc2/target:/opt/rustwide/target:rw,Z" "-v" "/var/lib/crater-agent-workspace/builds/worker-5-tc2/source:/opt/rustwide/workdir:ro,Z" "-v" "/var/lib/crater-agent-workspace/cargo-home:/opt/rustwide/cargo-home:ro,Z" "-v" "/var/lib/crater-agent-workspace/rustup-home:/opt/rustwide/rustup-home:ro,Z" "-e" "SOURCE_DIR=/opt/rustwide/workdir" "-e" "CARGO_TARGET_DIR=/opt/rustwide/target" "-e" "CARGO_INCREMENTAL=0" "-e" "RUST_BACKTRACE=full" "-e" "RUSTFLAGS=--cap-lints=forbid" "-e" "RUSTDOCFLAGS=--cap-lints=forbid" "-e" "CARGO_HOME=/opt/rustwide/cargo-home" "-e" "RUSTUP_HOME=/opt/rustwide/rustup-home" "-w" "/opt/rustwide/workdir" "-m" "1610612736" "--user" "0:0" "--network" "none" "ghcr.io/rust-lang/crates-build-env/linux@sha256:19e73879b68f455e41552ea35293514db52ea292d993f571636dbffedb77a1ee" "/opt/rustwide/cargo-home/bin/cargo" "+e6e4f7ed1589e03bc2f6c5931c1a72e7947e8682" "check" "--frozen" "--all" "--all-targets" "--message-format=json", kill_on_drop: false }`
[INFO] [stdout] 608528b11fbc7396e286b8f5cbe2d633de9aa49aa452099b8c1d366886526c86
[INFO] running `Command { std: "docker" "start" "-a" "608528b11fbc7396e286b8f5cbe2d633de9aa49aa452099b8c1d366886526c86", kill_on_drop: false }`
[INFO] [stderr]    Compiling memchr v2.3.4
[INFO] [stderr]    Compiling libc v0.2.80
[INFO] [stderr]    Compiling bitflags v1.2.1
[INFO] [stderr]     Checking unicode-width v0.1.8
[INFO] [stderr]     Checking strsim v0.8.0
[INFO] [stderr]     Checking vec_map v0.8.2
[INFO] [stderr]     Checking ansi_term v0.11.0
[INFO] [stderr]     Checking regex-syntax v0.6.21
[INFO] [stderr]     Checking thread_local v1.0.1
[INFO] [stderr]     Checking textwrap v0.11.0
[INFO] [stderr]     Checking aho-corasick v0.7.15
[INFO] [stderr]     Checking atty v0.2.14
[INFO] [stderr]     Checking clap v2.33.3
[INFO] [stderr]     Checking regex v1.4.2
[INFO] [stderr]     Checking gbspack v1.2.8 (/opt/rustwide/workdir)
[INFO] [stdout] error[E0061]: this function takes 5 arguments but 4 arguments were supplied
[INFO] [stdout]    --> tests/pack_test.rs:80:18
[INFO] [stdout]     |
[INFO] [stdout] 80  |     let output = gbspacklib::pack_object_data(input, 255, 0, true);
[INFO] [stdout]     |                  ^^^^^^^^^^^^^^^^^^^^^^^^^^^^--------------------- an argument of type `Vec<u32>` is missing
[INFO] [stdout]     |
[INFO] [stdout] note: function defined here
[INFO] [stdout]    --> /opt/rustwide/workdir/src/lib.rs:123:8
[INFO] [stdout]     |
[INFO] [stdout] 123 | pub fn pack_object_data(
[INFO] [stdout]     |        ^^^^^^^^^^^^^^^^
[INFO] [stdout] help: provide the argument
[INFO] [stdout]     |
[INFO] [stdout] 80  |     let output = gbspacklib::pack_object_data(input, 255, 0, true, /* Vec<u32> */);
[INFO] [stdout]     |                                              ~~~~~~~~~~~~~~~~~~~~~~~~~~~~~~~~~~~~~
[INFO] [stdout] 
[INFO] [stdout] 
[INFO] [stdout] error[E0061]: this function takes 5 arguments but 4 arguments were supplied
[INFO] [stdout]    --> tests/pack_test.rs:126:18
[INFO] [stdout]     |
[INFO] [stdout] 126 |     let output = gbspacklib::pack_object_data(input, 255, 31, true);
[INFO] [stdout]     |                  ^^^^^^^^^^^^^^^^^^^^^^^^^^^^---------------------- an argument of type `Vec<u32>` is missing
[INFO] [stdout]     |
[INFO] [stdout] note: function defined here
[INFO] [stdout]    --> /opt/rustwide/workdir/src/lib.rs:123:8
[INFO] [stdout]     |
[INFO] [stdout] 123 | pub fn pack_object_data(
[INFO] [stdout]     |        ^^^^^^^^^^^^^^^^
[INFO] [stdout] help: provide the argument
[INFO] [stdout]     |
[INFO] [stdout] 126 |     let output = gbspacklib::pack_object_data(input, 255, 31, true, /* Vec<u32> */);
[INFO] [stdout]     |                                              ~~~~~~~~~~~~~~~~~~~~~~~~~~~~~~~~~~~~~~
[INFO] [stdout] 
[INFO] [stdout] 
[INFO] [stdout] error[E0061]: this function takes 5 arguments but 4 arguments were supplied
[INFO] [stdout]    --> tests/pack_test.rs:171:18
[INFO] [stdout]     |
[INFO] [stdout] 171 |     let output = gbspacklib::pack_object_data(input, 255, 35, true);
[INFO] [stdout]     |                  ^^^^^^^^^^^^^^^^^^^^^^^^^^^^---------------------- an argument of type `Vec<u32>` is missing
[INFO] [stdout]     |
[INFO] [stdout] note: function defined here
[INFO] [stdout]    --> /opt/rustwide/workdir/src/lib.rs:123:8
[INFO] [stdout]     |
[INFO] [stdout] 123 | pub fn pack_object_data(
[INFO] [stdout]     |        ^^^^^^^^^^^^^^^^
[INFO] [stdout] help: provide the argument
[INFO] [stdout]     |
[INFO] [stdout] 171 |     let output = gbspacklib::pack_object_data(input, 255, 35, true, /* Vec<u32> */);
[INFO] [stdout]     |                                              ~~~~~~~~~~~~~~~~~~~~~~~~~~~~~~~~~~~~~~
[INFO] [stdout] 
[INFO] [stdout] 
[INFO] [stdout] error: aborting due to 3 previous errors
[INFO] [stdout] 
[INFO] [stdout] 
[INFO] [stdout] For more information about this error, try `rustc --explain E0061`.
[INFO] [stdout] 
[INFO] [stderr] error: could not compile `gbspack` (test "pack_test") due to 4 previous errors
[INFO] [stderr] warning: build failed, waiting for other jobs to finish...
[INFO] running `Command { std: "docker" "inspect" "608528b11fbc7396e286b8f5cbe2d633de9aa49aa452099b8c1d366886526c86", kill_on_drop: false }`
[INFO] running `Command { std: "docker" "rm" "-f" "608528b11fbc7396e286b8f5cbe2d633de9aa49aa452099b8c1d366886526c86", kill_on_drop: false }`
[INFO] [stdout] 608528b11fbc7396e286b8f5cbe2d633de9aa49aa452099b8c1d366886526c86
